l(q) = -12*q + 132. Let o be l(10). Let j(s) = s - 2*s - 20 + 19 + o*s. What is j(-1)?
-12
Let p(m) be the second derivative of m**5/20 - 3*m**4/4 + 8*m**3/3 - m**2/2 + 1289*m. Give p(7).
13
Let d(h) = 2*h**2 - 2*h - 2. Let r be d(2). Let f(q) = -r*q + 2 + 3*q + 3 - 9. Let p be ((-33)/(-9) + -4)*9. Determine f(p).
-7
Let p be 2 + -10*4/(-8). Let l(s) = s - 10. Let o be l(p). Let j(z) = -162*z + 78*z + 4*z**2 + 88*z + z**3. Calculate j(o).
-3
Let t be 61*(-6 + 5) + -1 + 3. Let b = 64 + t. Suppose -s + b = 4*s. Let i(q) = -18*q + 1. Calculate i(s).
-17
Let u(j) = -j**3 - 7*j**2 - 4*j + 6. Let h(b) = -b**2 - 13*b + 26. Let a be h(-15). Let t = a + 23. Suppose 20*z - t*z + 6 = 0. Give u(z).
-6
Let d be -2*(72/8 + 7). Let t(g) = 7*g**2 - g + 1. Let k be t(2). Let h = d + k. Let v(j) = -j**3 - 5*j**2 - 6. Determine v(h).
-6
Let k = -14 - -14. Let b(s) = 31*s - s**3 + k*s**3 - 6*s**2 - 73*s + 33*s + 0*s**2. Determine b(-4).
4
Let k(o) = 13*o - 127. Let i be (4 - 3 - 3)*-5. Let h be k(i). Let l(t) = t**2 - 3*t + 1. Give l(h).
1
Let v = 7123 - 7126. Let d(g) = -4*g**3 + 5*g**2 + 6*g + 5. Calculate d(v).
140
Let t = -943 - -943. Let i(h) be the third derivative of -19*h**2 + 1/3*h**3 + 0 + 1/12*h**4 + t*h. Determine i(5).
12
Suppose -3*r = 4*v + 120, -52*v + 3*r = -50*v + 42. Let a(q) = -2*q**3 - 53*q**2 + 28*q + 27. Give a(v).
0
Let u(j) = 2*j**2 + j + 1. Let m(a) = -9*a**2 - 14*a - 6. Let n(r) = m(r) + 4*u(r). Determine n(-9).
7
Let a(s) = -s**2 - 8*s + 9. Let t = 830 + -826. Suppose 2*b + 2*b = -2*j - 18, 2*j + 10 = t*b. What is a(j)?
16
Let v(m) be the third derivative of 7*m**5/20 + 3*m**4/8 + m**3/3 + m**2 + 3*m - 979. Calculate v(-3).
164
Let d(s) be the third derivative of -s**6/60 + s**5/6 - s**4/12 - 13*s**3/6 + 2*s**2 - 32*s. Let x be d(4). Let l(i) = i**3 - 12*i**2 + 9*i + 16. Give l(x).
-6
Let t(y) = 3*y**2 - 16*y - 10. Let b(n) = 2*n**2 - 8*n - 5. Let j(a) = -5*b(a) + 3*t(a). Suppose -2*u - 4*g = -24, -3446*u + 4*g = -3444*u + 40. What is j(u)?
11
Let n(s) = 6*s - 1. Let y(a) = 32*a - 1 + 29*a + 0 - 56*a. Let g(v) = 2*n(v) - 3*y(v). Let m(j) = 5*j - 1. Let i(z) = -7*g(z) - 4*m(z). Give i(3).
0
Let t(p) = 10*p**2 - 84 - 5*p - 9*p**2 + 78. Let j be -15 - 7/(21/(-6)). Let n(r) = r**2 + 12*r - 6. Let d be n(j). Give t(d).
8
Let l(b) = b**3 - 9*b**2 + 15*b - 62. Let v be l(8). Let f(z) = -z**2 - 3*z + 20. Calculate f(v).
2
Suppose 18*f = 1441 - 1171. Let n(q) = -q + 7. Give n(f).
-8
Let p(w) = 4*w**3 + 40*w**2 + 32*w - 22. Let t be p(-9). Let k(v) = -3*v + 15. Give k(t).
-27
Let m(s) = -42*s**2 + 4*s + 4. Let q(w) = 14*w**2 - w - 1. Suppose 3*c + 4*a = -25, c = 2*c - 2*a + 5. Let z(f) = c*q(f) - 2*m(f). Calculate z(-1).
-14
Let x(p) = 11*p**2 + 33*p - 25. Let a(y) = -8*y**2 - 28*y + 17. Let i(u) = -7*a(u) - 5*x(u). What is i(0)?
6
Let s(p) be the third derivative of -p**7/5040 + p**6/48 - 5*p**5/12 - 71*p**2. Let g(q) be the third derivative of s(q). Give g(18).
-3
Let p = -8249 + 8256. Let h(j) = -j**2 + 16*j - 62. What is h(p)?
1
Let i(r) = r**3 + 6*r**2 + 5*r. Let o be i(-3). Let y be 10552/o + 1/(-3). Let k(l) = 880*l - 1 - y*l - 4. Calculate k(5).
0
Let u(r) = r**2 - 3*r - 6. Let c be 15 + -21 - (-44)/(-5 + 9). What is u(c)?
4
Let m(r) = -2*r**3 + 12*r**2 + 15*r - 6. Let a(l) = -286*l + 4869. Let x be a(17). Calculate m(x).
1
Let h(b) = 881*b**2 - 1750*b**2 - b + 872*b**2 - 2 + 5*b. Determine h(1).
5
Let h(c) = c**2 + 7*c + 5. Let p = -405 - -408. Suppose -4*o = p + 13. Determine h(o).
-7
Let i(r) = 10. Let w(s) = 6*s - 249. Let c(k) = 2*i(k) + w(k). Determine c(39).
5
Let x(n) be the third derivative of n**6/120 - n**5/15 - n**4/24 + 2*n**3/3 + 62*n**2 - 2*n. Calculate x(3).
-8
Let s(b) = b**3 + 16*b**2 - 27*b + 153. Let p be s(-18). Let t(l) = -l - 12. Give t(p).
-3
Let y(k) = 2 - 977*k + k**3 + 5*k**2 + 1927*k - 949*k. Give y(-5).
-3
Let u(q) be the first derivative of -q**4/2 + 30*q**3 + q**2 - 94*q + 1865. Give u(45).
-4
Let r(s) = 6*s**3 + 2*s**2 + s. Let b be (5/(-15)*21)/(1/(-5)). Suppose -b = -u + 4*z, 30 = 2*u + 3*z - 7. Suppose u = -6*q + 17. Determine r(q).
-5
Let a be (-1 - -3)*(15/6 + 1). Let s(g) = -22*g - 5 - a*g + g**2 + 27*g. Determine s(-4).
19
Let a(l) = 11*l - 8. Let g(k) = 17*k - 12. Let r = -59 + 64. Suppose -d = -r*i + 30, -2*d + 4*d + 10 = 0. Let c(b) = i*g(b) - 8*a(b). What is c(5)?
-11
Let a(h) = 2*h**2 + 23*h - 7. Suppose -16*k - 11 = -15*k. Let u be a(k). Let f = u - -13. Let v(q) = -q**3 - 5*q**2 + 2*q + 4. Determine v(f).
-6
Let j = 879 + -83. Let u(p) = p**2 - j*p + 5 + p**2 - 2*p**2 + 6*p**2 - p**3 + 800*p. Calculate u(7).
-16
Let o(v) = -2*v**2 + 250145*v**3 - 250144*v**3 - 32 - 9*v**2 - 9*v. Determine o(12).
4
Let n(q) = -126*q + 133. Let d be n(1). Let c(l) = 7*l**3 - 8*l**2 + l - 1. Let x(u) = 6*u**3 - 8*u**2 + 2*u. Let r(a) = 5*c(a) - 6*x(a). What is r(d)?
-5
Suppose -5*m + 61 = 51. Let c(d) = 8*d**m - 6*d + 3*d**2 + 7*d - 10*d**2. Give c(-1).
0
Let b(m) = m**2 + m + 2. Let k be b(-3). Let i(v) = -16 - 199*v - 201*v + 11 + 403*v. Give i(k).
19
Let x(g) = 101*g - 9. Suppose 11*z + 0 = 5 + 6. Determine x(z).
92
Let v = 15 + -22. Let z(m) = 23*m - 2. Let r(c) = -82*c + 3. Let y(i) = 2*r(i) + 7*z(i). Give y(v).
13
Suppose 2*n - 10 - 2 = 0. Let j = 48 + -46. Let i(o) = j*o - 7 + 4 - 3. Determine i(n).
6
Suppose -55 = -5*b - 15. Let c be 1/3 - (-240)/36. Let j(u) = 9 - c*u - 4 + 14*u - b*u. Give j(-5).
10
Suppose 3 - 63 = 12*k. Let q(i) = 11*i**2 + 5*i + 14. Let m(v) = -13*v**2 - 4*v - 13. Let n(p) = k*m(p) - 6*q(p). Calculate n(-8).
-3
Let p(d) be the second derivative of -d**4/12 + d**3/3 + 6*d**2 - 1470*d. Calculate p(7).
-23
Let x(v) = -6*v - 22. Let f be 1674/(-135) + 5/(100/8). Determine x(f).
50
Suppose -3*o + 15 = 0, -2*a + 13 + 8 = 3*o. Suppose 3*w = 4*y - 4, 5*w + 2*y - 2 = 2*w. Let q(k) = -k**3 - 2 + 3*k + w*k**2 + 0 + 2*k + k**2. Calculate q(a).
-5
Let o(z) be the first derivative of 4*z**2 - 30*z + 1142. Determine o(13).
74
Suppose -95 = 7*x - 109. Let r(k) = 17*k**x - 39*k**2 + 24*k**2 + 19*k**3 - 1. Calculate r(1).
20
Let n(r) = -r**3. Let u(h) = 36 - 7*h**2 - 2*h - 33 + h. Let x(y) = n(y) + u(y). What is x(-5)?
-42
Let p(r) be the second derivative of r**4/12 + 5*r**3/6 - 3*r**2/2 + r + 16. Let x = -20 + 45. Suppose -x*c + 22*c = -9. What is p(c)?
21
Let d = 44 - 20. Let u = -30 + d. Let x be 7 - (u/(-2) - 1). Let w(s) = -s**2 + 4*s + 1. Determine w(x).
-4
Let t(j) = 3*j**2 - 34026*j + 34037*j + 16 - 2*j**2. What is t(-6)?
-14
Let s(v) = -2*v**2 - 33*v - 70. Let r be (-1183)/(-1014) - (-1 + 218/12). Determine s(r).
-54
Let a(r) = -r**2 + 4*r + 1. Suppose -3*p - 5*i + 118 = 0, 2*p + 2*i - 96 = -24. Let j = 58 - p. Let b be j/(-63) - (-3)/(-14)*-16. What is a(b)?
4
Let c(b) be the second derivative of -b**5/20 - 5*b**4/12 - b**3/6 + 6*b**2 + 2*b + 648. Calculate c(-4).
0
Let p(u) = 2*u**2 - 22*u + 25. Let z(n) = -7*n**2 + 68*n - 89. Let l(x) = 10*p(x) + 3*z(x). What is l(-13)?
22
Let q = -19357/2 - -9681. Let v(k) be the second derivative of q*k**2 + 0 - 17*k - 2/3*k**3. Determine v(5).
-15
Let q(i) = i**3 + 2*i**2 - 4*i - 7. Suppose -r + 418 - 318 = 0. Let n = r - 103. What is q(n)?
-4
Let a be 12/66 - (-1717)/(-187). Let w(r) be the third derivative of -r**6/120 - r**5/6 - 5*r**4/12 + r**3/6 - 8*r**2. Determine w(a).
10
Let l(a) = -a**3 + 43*a**2 + 729*a - 55. Let v be l(56). Let p(c) = c**3 + 2*c**2 - 3*c + 2. What is p(v)?
2
Let a(r) = -1 + 0 + 0*r - r. Let q = -37373 - -37368. Determine a(q).
4
Suppose -4 = -f, -7*f + 17*f = k + 48. Let y(v) = v**2 + 10*v - 1. Determine y(k).
-17
Let j(n) be the second derivative of n**5/10 - n**4/6 + n**3/2 + 3*n**2/2 - 462*n - 2. Calculate j(-2).
-27
Suppose 50*f + 187 = -13. Let i(t) = 3*t**2 + 8*t + 16. Determine i(f).
32
Let w(z) = 9 + 6*z + 2 + 23 - 47 - 4*z. Suppose x - 3*x = -5*i - 6, -5*i = 20. Let q = 2 - x. Give w(q).
5
Let d(o) be the first derivative of o**3/3 + 7*o**2/2 + 14*o - 919. What is d(-5)?
4
Let p(g) = -g**2 - 3. Let x(h) = -10*h**2 + 14. Let q(z) = 5*p(z) + x(z). Suppose -b + 2*b + 4*l - 7 = 0, 3*b + 13 = 5*l. Calculate q(b).
-16
Let t(r) = 19*r - 57. Let a be t(3). Let g(w) = -3 + a*w + 1 - 19*w + 15*w. What is g(-2)?
6
Let q(d) be the third derivative of -1/6*d**4 - 2/3*d**3 - 8*d**2 + 0 + 5*d. What is q(-3)?
8
Let q = 484233